{"id":6,"date":"2022-10-30T09:39:52","date_gmt":"2022-10-30T09:39:52","guid":{"rendered":"https:\/\/www.micentrocomercial.es\/terrassa-valles\/servicios\/"},"modified":"2024-05-23T15:32:15","modified_gmt":"2024-05-23T15:32:15","slug":"servicios","status":"publish","type":"page","link":"https:\/\/www.micentrocomercial.es\/terrassa-valles\/cat\/servicios\/","title":{"rendered":"Serveis"},"content":{"rendered":"<div class=\"wpb-content-wrapper\"><div class=\"vc_row wpb_row vc_row-fluid vc_row-o-content-middle vc_row-flex\"><br \/>\n<div class=\"wpb_column vc_column_container vc_col-sm-4\"><div class=\"vc_column-inner\"><div class=\"wpb_wrapper\"><br \/>\n\n\t<div class=\"wpb_text_column wpb_content_element\" >\n\t\t<div class=\"wpb_wrapper\">\n\t\t\t<p>\n<img decoding=\"async\" class=\"aligncenter size-full\" src=\"https:\/\/www.micentrocomercial.es\/wp-content\/themes\/restyling\/images\/cabecera-servicios.png\" alt=\"Servicioss\" \/><\/p>\n\n\t\t<\/div>\n\t<\/div>\n<br \/>\n<\/div><\/div><\/div><br \/>\n<div class=\"wpb_column vc_column_container vc_col-sm-8\"><div class=\"vc_column-inner\"><div class=\"wpb_wrapper\"><br \/>\n\n\t<div class=\"wpb_text_column wpb_content_element\" >\n\t\t<div class=\"wpb_wrapper\">\n\t\t\t<h1 class=\"entry-title\">Servicios<\/h1>\n<p style=\"font-size: 1.2rem;\"><strong>La comodidad y el bienestar de nuestros clientes es fundamental.<\/strong><\/p>\n<p style=\"font-size: 1.2rem;\">Nuestros centros est\u00e1n destinados a hacer que se sientan a gusto y que su visita sea una experiencia \u00fanica.<\/p>\n\n\t\t<\/div>\n\t<\/div>\n<br \/>\n\n\t<div class=\"wpb_text_column wpb_content_element\" >\n\t\t<div class=\"wpb_wrapper\">\n\t\t\t<ul class=\"listado-servicios\">\n\t\t\t\t<li>\n\t\t\t\t\t<div class=\"servicio-icon\">\n\t\t\t\t\t\t<svg viewbox=\"0 0 200 200\" xmlns=\"http:\/\/www.w3.org\/2000\/svg\"><path d=\"M 0, 89 C 0, 22.25 22.25, 0 89, 0 S 178, 22.25 178, 89 155.75, 178 89, 178 0, 155.75 0, 89\" fill=\"#fff\" transform=\"rotate(1, 100, 100) translate(11 11)\"><\/path><\/svg>\n\t\t\t\t\t\t<i class=\"icon-carrefour icon-mascotas\" style=\"position:relative;\"><\/i>\n\t\t\t\t\t<\/div>\n\t\t\t\t\t<div class=\"servicio-label\">Pet Friendly<\/div>\n\t\t\t\t<\/li>\n\t\t\t\n\t\t\t\t<li>\n\t\t\t\t\t<div class=\"servicio-icon\">\n\t\t\t\t\t\t<svg viewbox=\"0 0 200 200\" xmlns=\"http:\/\/www.w3.org\/2000\/svg\"><path d=\"M 0, 89 C 0, 22.25 22.25, 0 89, 0 S 178, 22.25 178, 89 155.75, 178 89, 178 0, 155.75 0, 89\" fill=\"#fff\" transform=\"rotate(-11, 100, 100) translate(11 11)\"><\/path><\/svg>\n\t\t\t\t\t\t<i class=\"icon-carrefour icon-wifi\" style=\"position:relative;\"><\/i>\n\t\t\t\t\t<\/div>\n\t\t\t\t\t<div class=\"servicio-label\">Wifi Gratuito<\/div>\n\t\t\t\t<\/li>\n\t\t\t\n\t\t\t\t<li>\n\t\t\t\t\t<div class=\"servicio-icon\">\n\t\t\t\t\t\t<svg viewbox=\"0 0 200 200\" xmlns=\"http:\/\/www.w3.org\/2000\/svg\"><path d=\"M 0, 89 C 0, 22.25 22.25, 0 89, 0 S 178, 22.25 178, 89 155.75, 178 89, 178 0, 155.75 0, 89\" fill=\"#fff\" transform=\"rotate(11, 100, 100) translate(11 11)\"><\/path><\/svg>\n\t\t\t\t\t\t<i class=\"icon-carrefour icon-aseos\" style=\"position:relative;\"><\/i>\n\t\t\t\t\t<\/div>\n\t\t\t\t\t<div class=\"servicio-label\">Aseos<\/div>\n\t\t\t\t<\/li>\n\t\t\t\n\t\t\t\t<li>\n\t\t\t\t\t<div class=\"servicio-icon\">\n\t\t\t\t\t\t<svg viewbox=\"0 0 200 200\" xmlns=\"http:\/\/www.w3.org\/2000\/svg\"><path d=\"M 0, 89 C 0, 22.25 22.25, 0 89, 0 S 178, 22.25 178, 89 155.75, 178 89, 178 0, 155.75 0, 89\" fill=\"#fff\" transform=\"rotate(14, 100, 100) translate(11 11)\"><\/path><\/svg>\n\t\t\t\t\t\t<i class=\"icon-carrefour icon-wheelchair\" style=\"position:relative;\"><\/i>\n\t\t\t\t\t<\/div>\n\t\t\t\t\t<div class=\"servicio-label\">Accesos adaptados<\/div>\n\t\t\t\t<\/li>\n\t\t\t\n\t\t\t\t<li>\n\t\t\t\t\t<div class=\"servicio-icon\">\n\t\t\t\t\t\t<svg viewbox=\"0 0 200 200\" xmlns=\"http:\/\/www.w3.org\/2000\/svg\"><path d=\"M 0, 89 C 0, 22.25 22.25, 0 89, 0 S 178, 22.25 178, 89 155.75, 178 89, 178 0, 155.75 0, 89\" fill=\"#fff\" transform=\"rotate(4, 100, 100) translate(11 11)\"><\/path><\/svg>\n\t\t\t\t\t\t<i class=\"icon-carrefour icon-loteria\" style=\"position:relative;\"><\/i>\n\t\t\t\t\t<\/div>\n\t\t\t\t\t<div class=\"servicio-label\">Administraci\u00f3n de Loter\u00edas<\/div>\n\t\t\t\t<\/li>\n\t\t\t\n\t\t\t\t<li>\n\t\t\t\t\t<div class=\"servicio-icon\">\n\t\t\t\t\t\t<svg viewbox=\"0 0 200 200\" xmlns=\"http:\/\/www.w3.org\/2000\/svg\"><path d=\"M 0, 89 C 0, 22.25 22.25, 0 89, 0 S 178, 22.25 178, 89 155.75, 178 89, 178 0, 155.75 0, 89\" fill=\"#fff\" transform=\"rotate(4, 100, 100) translate(11 11)\"><\/path><\/svg>\n\t\t\t\t\t\t<i class=\"icon-carrefour icon-viajes\" style=\"position:relative;\"><\/i>\n\t\t\t\t\t<\/div>\n\t\t\t\t\t<div class=\"servicio-label\">Agencia de viajes<\/div>\n\t\t\t\t<\/li>\n\t\t\t\n\t\t\t\t<li>\n\t\t\t\t\t<div class=\"servicio-icon\">\n\t\t\t\t\t\t<svg viewbox=\"0 0 200 200\" xmlns=\"http:\/\/www.w3.org\/2000\/svg\"><path d=\"M 0, 89 C 0, 22.25 22.25, 0 89, 0 S 178, 22.25 178, 89 155.75, 178 89, 178 0, 155.75 0, 89\" fill=\"#fff\" transform=\"rotate(12, 100, 100) translate(11 11)\"><\/path><\/svg>\n\t\t\t\t\t\t<i class=\"icon-carrefour icon-cajero\" style=\"position:relative;\"><\/i>\n\t\t\t\t\t<\/div>\n\t\t\t\t\t<div class=\"servicio-label\">Cajero autom\u00e1tico<\/div>\n\t\t\t\t<\/li>\n\t\t\t\n\t\t\t\t<li>\n\t\t\t\t\t<div class=\"servicio-icon\">\n\t\t\t\t\t\t<svg viewbox=\"0 0 200 200\" xmlns=\"http:\/\/www.w3.org\/2000\/svg\"><path d=\"M 0, 89 C 0, 22.25 22.25, 0 89, 0 S 178, 22.25 178, 89 155.75, 178 89, 178 0, 155.75 0, 89\" fill=\"#fff\" transform=\"rotate(7, 100, 100) translate(11 11)\"><\/path><\/svg>\n\t\t\t\t\t\t<i class=\"icon-carrefour icon-guarderia\" style=\"position:relative;\"><\/i>\n\t\t\t\t\t<\/div>\n\t\t\t\t\t<div class=\"servicio-label\">Cambiador de pa\u00f1ales<\/div>\n\t\t\t\t<\/li>\n\t\t\t\n\t\t\t\t<li>\n\t\t\t\t\t<div class=\"servicio-icon\">\n\t\t\t\t\t\t<svg viewbox=\"0 0 200 200\" xmlns=\"http:\/\/www.w3.org\/2000\/svg\"><path d=\"M 0, 89 C 0, 22.25 22.25, 0 89, 0 S 178, 22.25 178, 89 155.75, 178 89, 178 0, 155.75 0, 89\" fill=\"#fff\" transform=\"rotate(-5, 100, 100) translate(11 11)\"><\/path><\/svg>\n\t\t\t\t\t\t<i class=\"icon-carrefour icon-estanco\" style=\"position:relative;\"><\/i>\n\t\t\t\t\t<\/div>\n\t\t\t\t\t<div class=\"servicio-label\">Estanco<\/div>\n\t\t\t\t<\/li>\n\t\t\t\n\t\t\t\t<li>\n\t\t\t\t\t<div class=\"servicio-icon\">\n\t\t\t\t\t\t<svg viewbox=\"0 0 200 200\" xmlns=\"http:\/\/www.w3.org\/2000\/svg\"><path d=\"M 0, 89 C 0, 22.25 22.25, 0 89, 0 S 178, 22.25 178, 89 155.75, 178 89, 178 0, 155.75 0, 89\" fill=\"#fff\" transform=\"rotate(3, 100, 100) translate(11 11)\"><\/path><\/svg>\n\t\t\t\t\t\t<i class=\"icon-carrefour icon-montaje-bicicletas\" style=\"position:relative;\"><\/i>\n\t\t\t\t\t<\/div>\n\t\t\t\t\t<div class=\"servicio-label\">Montaje de bicicletas<\/div>\n\t\t\t\t<\/li>\n\t\t\t\n\t\t\t\t<li>\n\t\t\t\t\t<div class=\"servicio-icon\">\n\t\t\t\t\t\t<svg viewbox=\"0 0 200 200\" xmlns=\"http:\/\/www.w3.org\/2000\/svg\"><path d=\"M 0, 89 C 0, 22.25 22.25, 0 89, 0 S 178, 22.25 178, 89 155.75, 178 89, 178 0, 155.75 0, 89\" fill=\"#fff\" transform=\"rotate(-15, 100, 100) translate(11 11)\"><\/path><\/svg>\n\t\t\t\t\t\t<i class=\"icon-carrefour icon-neumaticos\" style=\"position:relative;\"><\/i>\n\t\t\t\t\t<\/div>\n\t\t\t\t\t<div class=\"servicio-label\">Montaje de neum\u00e1ticos<\/div>\n\t\t\t\t<\/li>\n\t\t\t\n\t\t\t\t<li>\n\t\t\t\t\t<div class=\"servicio-icon\">\n\t\t\t\t\t\t<svg viewbox=\"0 0 200 200\" xmlns=\"http:\/\/www.w3.org\/2000\/svg\"><path d=\"M 0, 89 C 0, 22.25 22.25, 0 89, 0 S 178, 22.25 178, 89 155.75, 178 89, 178 0, 155.75 0, 89\" fill=\"#fff\" transform=\"rotate(1, 100, 100) translate(11 11)\"><\/path><\/svg>\n\t\t\t\t\t\t<i class=\"icon-carrefour icon-parafarmacia\" style=\"position:relative;\"><\/i>\n\t\t\t\t\t<\/div>\n\t\t\t\t\t<div class=\"servicio-label\">Parafarmacia<\/div>\n\t\t\t\t<\/li>\n\t\t\t\n\t\t\t\t<li>\n\t\t\t\t\t<div class=\"servicio-icon\">\n\t\t\t\t\t\t<svg viewbox=\"0 0 200 200\" xmlns=\"http:\/\/www.w3.org\/2000\/svg\"><path d=\"M 0, 89 C 0, 22.25 22.25, 0 89, 0 S 178, 22.25 178, 89 155.75, 178 89, 178 0, 155.75 0, 89\" fill=\"#fff\" transform=\"rotate(-12, 100, 100) translate(11 11)\"><\/path><\/svg>\n\t\t\t\t\t\t<i class=\"icon-carrefour icon-parking\" style=\"position:relative;\"><\/i>\n\t\t\t\t\t<\/div>\n\t\t\t\t\t<div class=\"servicio-label\">Parking Gratuito<\/div>\n\t\t\t\t<\/li>\n\t\t\t\n\t\t\t\t<li>\n\t\t\t\t\t<div class=\"servicio-icon\">\n\t\t\t\t\t\t<svg viewbox=\"0 0 200 200\" xmlns=\"http:\/\/www.w3.org\/2000\/svg\"><path d=\"M 0, 89 C 0, 22.25 22.25, 0 89, 0 S 178, 22.25 178, 89 155.75, 178 89, 178 0, 155.75 0, 89\" fill=\"#fff\" transform=\"rotate(-3, 100, 100) translate(11 11)\"><\/path><\/svg>\n\t\t\t\t\t\t<i class=\"icon-carrefour icon-bateria\" style=\"position:relative;\"><\/i>\n\t\t\t\t\t<\/div>\n\t\t\t\t\t<div class=\"servicio-label\">Recarga bater\u00eda<\/div>\n\t\t\t\t<\/li>\n\t\t\t\n\t\t\t\t<li>\n\t\t\t\t\t<div class=\"servicio-icon\">\n\t\t\t\t\t\t<svg viewbox=\"0 0 200 200\" xmlns=\"http:\/\/www.w3.org\/2000\/svg\"><path d=\"M 0, 89 C 0, 22.25 22.25, 0 89, 0 S 178, 22.25 178, 89 155.75, 178 89, 178 0, 155.75 0, 89\" fill=\"#fff\" transform=\"rotate(-11, 100, 100) translate(11 11)\"><\/path><\/svg>\n\t\t\t\t\t\t<i class=\"icon-carrefour icon-reciclaje\" style=\"position:relative;\"><\/i>\n\t\t\t\t\t<\/div>\n\t\t\t\t\t<div class=\"servicio-label\">Reciclaje<\/div>\n\t\t\t\t<\/li>\n\t\t\t\n\t\t\t\t<li>\n\t\t\t\t\t<div class=\"servicio-icon\">\n\t\t\t\t\t\t<svg viewbox=\"0 0 200 200\" xmlns=\"http:\/\/www.w3.org\/2000\/svg\"><path d=\"M 0, 89 C 0, 22.25 22.25, 0 89, 0 S 178, 22.25 178, 89 155.75, 178 89, 178 0, 155.75 0, 89\" fill=\"#fff\" transform=\"rotate(1, 100, 100) translate(11 11)\"><\/path><\/svg>\n\t\t\t\t\t\t<i class=\"icon-carrefour icon-restauracion\" style=\"position:relative;\"><\/i>\n\t\t\t\t\t<\/div>\n\t\t\t\t\t<div class=\"servicio-label\">Restauraci\u00f3n<\/div>\n\t\t\t\t<\/li>\n\t\t\t\n\t\t\t\t<li>\n\t\t\t\t\t<div class=\"servicio-icon\">\n\t\t\t\t\t\t<svg viewbox=\"0 0 200 200\" xmlns=\"http:\/\/www.w3.org\/2000\/svg\"><path d=\"M 0, 89 C 0, 22.25 22.25, 0 89, 0 S 178, 22.25 178, 89 155.75, 178 89, 178 0, 155.75 0, 89\" fill=\"#fff\" transform=\"rotate(14, 100, 100) translate(11 11)\"><\/path><\/svg>\n\t\t\t\t\t\t<i class=\"icon-carrefour icon-lactancia2\" style=\"position:relative;\"><\/i>\n\t\t\t\t\t<\/div>\n\t\t\t\t\t<div class=\"servicio-label\">Sala de lactancia<\/div>\n\t\t\t\t<\/li>\n\t\t\t\n\t\t\t\t<li>\n\t\t\t\t\t<div class=\"servicio-icon\">\n\t\t\t\t\t\t<svg viewbox=\"0 0 200 200\" xmlns=\"http:\/\/www.w3.org\/2000\/svg\"><path d=\"M 0, 89 C 0, 22.25 22.25, 0 89, 0 S 178, 22.25 178, 89 155.75, 178 89, 178 0, 155.75 0, 89\" fill=\"#fff\" transform=\"rotate(7, 100, 100) translate(11 11)\"><\/path><\/svg>\n\t\t\t\t\t\t<i class=\"icon-carrefour icon-domicilio\" style=\"position:relative;\"><\/i>\n\t\t\t\t\t<\/div>\n\t\t\t\t\t<div class=\"servicio-label\">Servicio a domicilio<\/div>\n\t\t\t\t<\/li>\n\t\t\t\n\t\t\t\t<li>\n\t\t\t\t\t<div class=\"servicio-icon\">\n\t\t\t\t\t\t<svg viewbox=\"0 0 200 200\" xmlns=\"http:\/\/www.w3.org\/2000\/svg\"><path d=\"M 0, 89 C 0, 22.25 22.25, 0 89, 0 S 178, 22.25 178, 89 155.75, 178 89, 178 0, 155.75 0, 89\" fill=\"#fff\" transform=\"rotate(-3, 100, 100) translate(11 11)\"><\/path><\/svg>\n\t\t\t\t\t\t<i class=\"icon-carrefour icon-autolavado\" style=\"position:relative;\"><\/i>\n\t\t\t\t\t<\/div>\n\t\t\t\t\t<div class=\"servicio-label\">Servicio de lavado<\/div>\n\t\t\t\t<\/li>\n\t\t\t\n\t\t\t\t<li>\n\t\t\t\t\t<div class=\"servicio-icon\">\n\t\t\t\t\t\t<svg viewbox=\"0 0 200 200\" xmlns=\"http:\/\/www.w3.org\/2000\/svg\"><path d=\"M 0, 89 C 0, 22.25 22.25, 0 89, 0 S 178, 22.25 178, 89 155.75, 178 89, 178 0, 155.75 0, 89\" fill=\"#fff\" transform=\"rotate(10, 100, 100) translate(11 11)\"><\/path><\/svg>\n\t\t\t\t\t\t<i class=\"icon-carrefour icon-financieros\" style=\"position:relative;\"><\/i>\n\t\t\t\t\t<\/div>\n\t\t\t\t\t<div class=\"servicio-label\">Servicios financieros<\/div>\n\t\t\t\t<\/li>\n\t\t\t\n\t\t\t\t<li>\n\t\t\t\t\t<div class=\"servicio-icon\">\n\t\t\t\t\t\t<svg viewbox=\"0 0 200 200\" xmlns=\"http:\/\/www.w3.org\/2000\/svg\"><path d=\"M 0, 89 C 0, 22.25 22.25, 0 89, 0 S 178, 22.25 178, 89 155.75, 178 89, 178 0, 155.75 0, 89\" fill=\"#fff\" transform=\"rotate(5, 100, 100) translate(11 11)\"><\/path><\/svg>\n\t\t\t\t\t\t<i class=\"icon-carrefour icon-infantil\" style=\"position:relative;\"><\/i>\n\t\t\t\t\t<\/div>\n\t\t\t\t\t<div class=\"servicio-label\">Zona infantil<\/div>\n\t\t\t\t<\/li>\n\t\t\t<\/ul>\n\n\t\t<\/div>\n\t<\/div>\n<br \/>\n<\/div><\/div><\/div><br \/>\n<\/div><br \/>\n<div id=\"galeria-centro\" class=\"vc_row wpb_row vc_row-fluid\"><br \/>\n<div class=\"wpb_column vc_column_container vc_col-sm-12\"><div class=\"vc_column-inner\"><div class=\"wpb_wrapper\"><br \/>\n\n\t<div class=\"wpb_text_column wpb_content_element\" >\n\t\t<div class=\"wpb_wrapper\">\n\t\t\t<h1 class=\"entry-title\">DESCUBRE NUESTRO CENTRO<\/h1>\n\n\t\t<\/div>\n\t<\/div>\n<br \/>\n<div class=\"wpb_gallery wpb_content_element vc_clearfix wpb_content_element\" ><div class=\"wpb_wrapper\"><div class=\"wpb_gallery_slides wpb_flexslider flexslider_slide flexslider\" data-interval=\"3\" data-flex_fx=\"slide\"><ul class=\"slides\"><li><a class=\"\" href=\"https:\/\/www.micentrocomercial.es\/terrassa-valles\/wp-content\/uploads\/sites\/37\/2022\/11\/carrefour-terrasa-08.jpg\" data-lightbox=\"lightbox[rel-6-1256519029]\"><img fetchpriority=\"high\" decoding=\"async\" width=\"900\" height=\"600\" src=\"https:\/\/www.micentrocomercial.es\/terrassa-valles\/wp-content\/uploads\/sites\/37\/2022\/11\/carrefour-terrasa-08.jpg\" class=\"attachment-full\" alt=\"\" title=\"carrefour-terrasa-08.jpg\" srcset=\"https:\/\/www.micentrocomercial.es\/terrassa-valles\/wp-content\/uploads\/sites\/37\/2022\/11\/carrefour-terrasa-08.jpg 900w, https:\/\/www.micentrocomercial.es\/terrassa-valles\/wp-content\/uploads\/sites\/37\/2022\/11\/carrefour-terrasa-08-300x200.jpg 300w, https:\/\/www.micentrocomercial.es\/terrassa-valles\/wp-content\/uploads\/sites\/37\/2022\/11\/carrefour-terrasa-08-768x512.jpg 768w\" sizes=\"(max-width: 900px) 100vw, 900px\" \/><\/a><\/li><li><a class=\"\" href=\"https:\/\/www.micentrocomercial.es\/terrassa-valles\/wp-content\/uploads\/sites\/37\/2022\/11\/carrefour-terrasa-04.jpg\" data-lightbox=\"lightbox[rel-6-1256519029]\"><img decoding=\"async\" width=\"900\" height=\"600\" src=\"https:\/\/www.micentrocomercial.es\/terrassa-valles\/wp-content\/uploads\/sites\/37\/2022\/11\/carrefour-terrasa-04.jpg\" class=\"attachment-full\" alt=\"\" title=\"carrefour-terrasa-04.jpg\" srcset=\"https:\/\/www.micentrocomercial.es\/terrassa-valles\/wp-content\/uploads\/sites\/37\/2022\/11\/carrefour-terrasa-04.jpg 900w, https:\/\/www.micentrocomercial.es\/terrassa-valles\/wp-content\/uploads\/sites\/37\/2022\/11\/carrefour-terrasa-04-300x200.jpg 300w, https:\/\/www.micentrocomercial.es\/terrassa-valles\/wp-content\/uploads\/sites\/37\/2022\/11\/carrefour-terrasa-04-768x512.jpg 768w\" sizes=\"(max-width: 900px) 100vw, 900px\" \/><\/a><\/li><li><a class=\"\" href=\"https:\/\/www.micentrocomercial.es\/terrassa-valles\/wp-content\/uploads\/sites\/37\/2022\/11\/carrefour-terrasa-06.jpg\" data-lightbox=\"lightbox[rel-6-1256519029]\"><img decoding=\"async\" width=\"900\" height=\"600\" src=\"https:\/\/www.micentrocomercial.es\/terrassa-valles\/wp-content\/uploads\/sites\/37\/2022\/11\/carrefour-terrasa-06.jpg\" class=\"attachment-full\" alt=\"\" title=\"carrefour-terrasa-06.jpg\" srcset=\"https:\/\/www.micentrocomercial.es\/terrassa-valles\/wp-content\/uploads\/sites\/37\/2022\/11\/carrefour-terrasa-06.jpg 900w, https:\/\/www.micentrocomercial.es\/terrassa-valles\/wp-content\/uploads\/sites\/37\/2022\/11\/carrefour-terrasa-06-300x200.jpg 300w, https:\/\/www.micentrocomercial.es\/terrassa-valles\/wp-content\/uploads\/sites\/37\/2022\/11\/carrefour-terrasa-06-768x512.jpg 768w\" sizes=\"(max-width: 900px) 100vw, 900px\" \/><\/a><\/li><li><a class=\"\" href=\"https:\/\/www.micentrocomercial.es\/terrassa-valles\/wp-content\/uploads\/sites\/37\/2022\/11\/carrefour-terrasa-03.jpg\" data-lightbox=\"lightbox[rel-6-1256519029]\"><img loading=\"lazy\" decoding=\"async\" width=\"900\" height=\"600\" src=\"https:\/\/www.micentrocomercial.es\/terrassa-valles\/wp-content\/uploads\/sites\/37\/2022\/11\/carrefour-terrasa-03.jpg\" class=\"attachment-full\" alt=\"\" title=\"carrefour-terrasa-03.jpg\" srcset=\"https:\/\/www.micentrocomercial.es\/terrassa-valles\/wp-content\/uploads\/sites\/37\/2022\/11\/carrefour-terrasa-03.jpg 900w, https:\/\/www.micentrocomercial.es\/terrassa-valles\/wp-content\/uploads\/sites\/37\/2022\/11\/carrefour-terrasa-03-300x200.jpg 300w, https:\/\/www.micentrocomercial.es\/terrassa-valles\/wp-content\/uploads\/sites\/37\/2022\/11\/carrefour-terrasa-03-768x512.jpg 768w\" sizes=\"(max-width: 900px) 100vw, 900px\" \/><\/a><\/li><li><a class=\"\" href=\"https:\/\/www.micentrocomercial.es\/terrassa-valles\/wp-content\/uploads\/sites\/37\/2022\/11\/carrefour-terrasa-01.jpg\" data-lightbox=\"lightbox[rel-6-1256519029]\"><img loading=\"lazy\" decoding=\"async\" width=\"900\" height=\"600\" src=\"https:\/\/www.micentrocomercial.es\/terrassa-valles\/wp-content\/uploads\/sites\/37\/2022\/11\/carrefour-terrasa-01.jpg\" class=\"attachment-full\" alt=\"\" title=\"carrefour-terrasa-01.jpg\" srcset=\"https:\/\/www.micentrocomercial.es\/terrassa-valles\/wp-content\/uploads\/sites\/37\/2022\/11\/carrefour-terrasa-01.jpg 900w, https:\/\/www.micentrocomercial.es\/terrassa-valles\/wp-content\/uploads\/sites\/37\/2022\/11\/carrefour-terrasa-01-300x200.jpg 300w, https:\/\/www.micentrocomercial.es\/terrassa-valles\/wp-content\/uploads\/sites\/37\/2022\/11\/carrefour-terrasa-01-768x512.jpg 768w\" sizes=\"(max-width: 900px) 100vw, 900px\" \/><\/a><\/li><li><a class=\"\" href=\"https:\/\/www.micentrocomercial.es\/terrassa-valles\/wp-content\/uploads\/sites\/37\/2022\/11\/carrefour-terrasa-02.jpg\" data-lightbox=\"lightbox[rel-6-1256519029]\"><img loading=\"lazy\" decoding=\"async\" width=\"900\" height=\"600\" src=\"https:\/\/www.micentrocomercial.es\/terrassa-valles\/wp-content\/uploads\/sites\/37\/2022\/11\/carrefour-terrasa-02.jpg\" class=\"attachment-full\" alt=\"\" title=\"carrefour-terrasa-02.jpg\" srcset=\"https:\/\/www.micentrocomercial.es\/terrassa-valles\/wp-content\/uploads\/sites\/37\/2022\/11\/carrefour-terrasa-02.jpg 900w, https:\/\/www.micentrocomercial.es\/terrassa-valles\/wp-content\/uploads\/sites\/37\/2022\/11\/carrefour-terrasa-02-300x200.jpg 300w, https:\/\/www.micentrocomercial.es\/terrassa-valles\/wp-content\/uploads\/sites\/37\/2022\/11\/carrefour-terrasa-02-768x512.jpg 768w\" sizes=\"(max-width: 900px) 100vw, 900px\" \/><\/a><\/li><li><a class=\"\" href=\"https:\/\/www.micentrocomercial.es\/terrassa-valles\/wp-content\/uploads\/sites\/37\/2022\/11\/carrefour-terrasa-10.jpg\" data-lightbox=\"lightbox[rel-6-1256519029]\"><img loading=\"lazy\" decoding=\"async\" width=\"900\" height=\"600\" src=\"https:\/\/www.micentrocomercial.es\/terrassa-valles\/wp-content\/uploads\/sites\/37\/2022\/11\/carrefour-terrasa-10.jpg\" class=\"attachment-full\" alt=\"\" title=\"carrefour-terrasa-10.jpg\" srcset=\"https:\/\/www.micentrocomercial.es\/terrassa-valles\/wp-content\/uploads\/sites\/37\/2022\/11\/carrefour-terrasa-10.jpg 900w, https:\/\/www.micentrocomercial.es\/terrassa-valles\/wp-content\/uploads\/sites\/37\/2022\/11\/carrefour-terrasa-10-300x200.jpg 300w, https:\/\/www.micentrocomercial.es\/terrassa-valles\/wp-content\/uploads\/sites\/37\/2022\/11\/carrefour-terrasa-10-768x512.jpg 768w\" sizes=\"(max-width: 900px) 100vw, 900px\" \/><\/a><\/li><li><a class=\"\" href=\"https:\/\/www.micentrocomercial.es\/terrassa-valles\/wp-content\/uploads\/sites\/37\/2022\/11\/carrefour-terrasa-11.jpg\" data-lightbox=\"lightbox[rel-6-1256519029]\"><img loading=\"lazy\" decoding=\"async\" width=\"900\" height=\"600\" src=\"https:\/\/www.micentrocomercial.es\/terrassa-valles\/wp-content\/uploads\/sites\/37\/2022\/11\/carrefour-terrasa-11.jpg\" class=\"attachment-full\" alt=\"\" title=\"carrefour-terrasa-11.jpg\" srcset=\"https:\/\/www.micentrocomercial.es\/terrassa-valles\/wp-content\/uploads\/sites\/37\/2022\/11\/carrefour-terrasa-11.jpg 900w, https:\/\/www.micentrocomercial.es\/terrassa-valles\/wp-content\/uploads\/sites\/37\/2022\/11\/carrefour-terrasa-11-300x200.jpg 300w, https:\/\/www.micentrocomercial.es\/terrassa-valles\/wp-content\/uploads\/sites\/37\/2022\/11\/carrefour-terrasa-11-768x512.jpg 768w\" sizes=\"(max-width: 900px) 100vw, 900px\" \/><\/a><\/li><li><a class=\"\" href=\"https:\/\/www.micentrocomercial.es\/terrassa-valles\/wp-content\/uploads\/sites\/37\/2022\/11\/carrefour-terrasa-13.jpg\" data-lightbox=\"lightbox[rel-6-1256519029]\"><img loading=\"lazy\" decoding=\"async\" width=\"900\" height=\"600\" src=\"https:\/\/www.micentrocomercial.es\/terrassa-valles\/wp-content\/uploads\/sites\/37\/2022\/11\/carrefour-terrasa-13.jpg\" class=\"attachment-full\" alt=\"\" title=\"carrefour-terrasa-13.jpg\" srcset=\"https:\/\/www.micentrocomercial.es\/terrassa-valles\/wp-content\/uploads\/sites\/37\/2022\/11\/carrefour-terrasa-13.jpg 900w, https:\/\/www.micentrocomercial.es\/terrassa-valles\/wp-content\/uploads\/sites\/37\/2022\/11\/carrefour-terrasa-13-300x200.jpg 300w, https:\/\/www.micentrocomercial.es\/terrassa-valles\/wp-content\/uploads\/sites\/37\/2022\/11\/carrefour-terrasa-13-768x512.jpg 768w\" sizes=\"(max-width: 900px) 100vw, 900px\" \/><\/a><\/li><li><a class=\"\" href=\"https:\/\/www.micentrocomercial.es\/terrassa-valles\/wp-content\/uploads\/sites\/37\/2022\/11\/carrefour-terrasa-12.jpg\" data-lightbox=\"lightbox[rel-6-1256519029]\"><img loading=\"lazy\" decoding=\"async\" width=\"900\" height=\"600\" src=\"https:\/\/www.micentrocomercial.es\/terrassa-valles\/wp-content\/uploads\/sites\/37\/2022\/11\/carrefour-terrasa-12.jpg\" class=\"attachment-full\" alt=\"\" title=\"carrefour-terrasa-12.jpg\" srcset=\"https:\/\/www.micentrocomercial.es\/terrassa-valles\/wp-content\/uploads\/sites\/37\/2022\/11\/carrefour-terrasa-12.jpg 900w, https:\/\/www.micentrocomercial.es\/terrassa-valles\/wp-content\/uploads\/sites\/37\/2022\/11\/carrefour-terrasa-12-300x200.jpg 300w, https:\/\/www.micentrocomercial.es\/terrassa-valles\/wp-content\/uploads\/sites\/37\/2022\/11\/carrefour-terrasa-12-768x512.jpg 768w\" sizes=\"(max-width: 900px) 100vw, 900px\" \/><\/a><\/li><li><a class=\"\" href=\"https:\/\/www.micentrocomercial.es\/terrassa-valles\/wp-content\/uploads\/sites\/37\/2022\/11\/carrefour-terrasa-09.jpg\" data-lightbox=\"lightbox[rel-6-1256519029]\"><img loading=\"lazy\" decoding=\"async\" width=\"900\" height=\"600\" src=\"https:\/\/www.micentrocomercial.es\/terrassa-valles\/wp-content\/uploads\/sites\/37\/2022\/11\/carrefour-terrasa-09.jpg\" class=\"attachment-full\" alt=\"\" title=\"carrefour-terrasa-09.jpg\" srcset=\"https:\/\/www.micentrocomercial.es\/terrassa-valles\/wp-content\/uploads\/sites\/37\/2022\/11\/carrefour-terrasa-09.jpg 900w, https:\/\/www.micentrocomercial.es\/terrassa-valles\/wp-content\/uploads\/sites\/37\/2022\/11\/carrefour-terrasa-09-300x200.jpg 300w, https:\/\/www.micentrocomercial.es\/terrassa-valles\/wp-content\/uploads\/sites\/37\/2022\/11\/carrefour-terrasa-09-768x512.jpg 768w\" sizes=\"(max-width: 900px) 100vw, 900px\" \/><\/a><\/li><\/ul><\/div><\/div><\/div><br \/>\n<\/div><\/div><\/div><br \/>\n<\/div>\n<\/div>","protected":false},"excerpt":{"rendered":"Servicios La comodidad y el bienestar de nuestros clientes es fundamental. Nuestros centros est\u00e1n destinados a hacer que se sientan a gusto y que su visita sea una experiencia \u00fanica. Pet Friendly Wifi Gratuito Aseos Accesos adaptados Administraci\u00f3n de Loter\u00edas Agencia de viajes Cajero autom\u00e1tico Cambiador de pa\u00f1ales Estanco Montaje de bicicletas Montaje de neum\u00e1ticos [...]","protected":false},"author":1,"featured_media":0,"parent":0,"menu_order":0,"comment_status":"closed","ping_status":"closed","template":"","meta":{"footnotes":""},"class_list":["post-6","page","type-page","status-publish","hentry"],"_links":{"self":[{"href":"https:\/\/www.micentrocomercial.es\/terrassa-valles\/cat\/wp-json\/wp\/v2\/pages\/6","targetHints":{"allow":["GET"]}}],"collection":[{"href":"https:\/\/www.micentrocomercial.es\/terrassa-valles\/cat\/wp-json\/wp\/v2\/pages"}],"about":[{"href":"https:\/\/www.micentrocomercial.es\/terrassa-valles\/cat\/wp-json\/wp\/v2\/types\/page"}],"author":[{"embeddable":true,"href":"https:\/\/www.micentrocomercial.es\/terrassa-valles\/cat\/wp-json\/wp\/v2\/users\/1"}],"replies":[{"embeddable":true,"href":"https:\/\/www.micentrocomercial.es\/terrassa-valles\/cat\/wp-json\/wp\/v2\/comments?post=6"}],"version-history":[{"count":3,"href":"https:\/\/www.micentrocomercial.es\/terrassa-valles\/cat\/wp-json\/wp\/v2\/pages\/6\/revisions"}],"predecessor-version":[{"id":434,"href":"https:\/\/www.micentrocomercial.es\/terrassa-valles\/cat\/wp-json\/wp\/v2\/pages\/6\/revisions\/434"}],"wp:attachment":[{"href":"https:\/\/www.micentrocomercial.es\/terrassa-valles\/cat\/wp-json\/wp\/v2\/media?parent=6"}],"curies":[{"name":"wp","href":"https:\/\/api.w.org\/{rel}","templated":true}]}}