{"id":12,"date":"2022-10-30T09:39:52","date_gmt":"2022-10-30T09:39:52","guid":{"rendered":"https:\/\/www.micentrocomercial.es\/terrassa-valles\/contacto\/"},"modified":"2024-02-14T15:41:02","modified_gmt":"2024-02-14T15:41:02","slug":"contacto","status":"publish","type":"page","link":"https:\/\/www.micentrocomercial.es\/terrassa-valles\/cat\/contacto\/","title":{"rendered":"Contacte"},"content":{"rendered":"<div class=\"wpb-content-wrapper\"><div class=\"vc_row wpb_row vc_row-fluid\"><div class=\"wpb_column vc_column_container vc_col-sm-4\"><div class=\"vc_column-inner\"><div class=\"wpb_wrapper\">\n\t<div class=\"wpb_text_column wpb_content_element\" >\n\t\t<div class=\"wpb_wrapper\">\n\t\t\t<p>\n<img decoding=\"async\" class=\"aligncenter size-full\" src=\"https:\/\/www.micentrocomercial.es\/wp-content\/themes\/restyling\/images\/cabecera-contacto.png\" alt=\"Contacto\" \/><\/p>\n\n\t\t<\/div>\n\t<\/div>\n\n\t<div class=\"wpb_raw_code wpb_raw_html wpb_content_element\" >\n\t\t<div class=\"wpb_wrapper\">\n\t\t\t<div style=\"padding:20px; border-radius:20px; background:linear-gradient(90deg, rgba(255,41,132,1) 0%, rgba(255,85,113,1) 25%, rgba(255,109,102,1) 65%, rgba(255,169,60,1) 100%); color:#fff\"><h3>CONTACTE<\/h3><p style=\"font-size:1.2rem\">es_comunicacion@carmila.com <br \/> 916 635 544<\/p><\/div>\n\t\t<\/div>\n\t<\/div>\n<\/div><\/div><\/div><div class=\"wpb_column vc_column_container vc_col-sm-8\"><div class=\"vc_column-inner\"><div class=\"wpb_wrapper\">\n\t<div class=\"wpb_text_column wpb_content_element\" >\n\t\t<div class=\"wpb_wrapper\">\n\t\t\t<h1 class=\"entry-title\">CONTACTE<\/h1>\n<h3>Envia'ns els teus suggeriments i peticions<\/h3>\n<p style=\"font-size: 1.2rem;\">La teva opini\u00f3 ens interessa molt. Gr\u00e0cies a ella podem oferir-te un millor servei perqu\u00e8 aquest centre comercial sigui del teu gust complet.<\/p>\n\n\t\t<\/div>\n\t<\/div>\n\n\t<div class=\"wpb_text_column wpb_content_element\" >\n\t\t<div class=\"wpb_wrapper\">\n\t\t\t\n<div class=\"wpcf7 no-js\" id=\"wpcf7-f86-o1\" lang=\"es-ES\" dir=\"ltr\" data-wpcf7-id=\"86\">\n<div class=\"screen-reader-response\"><p role=\"status\" aria-live=\"polite\" aria-atomic=\"true\"><\/p> <ul><\/ul><\/div>\n<form action=\"\/terrassa-valles\/cat\/wp-json\/wp\/v2\/pages\/12#wpcf7-f86-o1\" method=\"post\" class=\"wpcf7-form init\" aria-label=\"Formulario de contacto\" novalidate=\"novalidate\" data-status=\"init\" data-trp-original-action=\"\/terrassa-valles\/cat\/wp-json\/wp\/v2\/pages\/12#wpcf7-f86-o1\">\n<fieldset class=\"hidden-fields-container\"><input type=\"hidden\" name=\"_wpcf7\" value=\"86\" \/><input type=\"hidden\" name=\"_wpcf7_version\" value=\"6.1.5\" \/><input type=\"hidden\" name=\"_wpcf7_locale\" value=\"es_ES\" \/><input type=\"hidden\" name=\"_wpcf7_unit_tag\" value=\"wpcf7-f86-o1\" \/><input type=\"hidden\" name=\"_wpcf7_container_post\" value=\"0\" \/><input type=\"hidden\" name=\"_wpcf7_posted_data_hash\" value=\"\" \/><input type=\"hidden\" name=\"_wpcf7_recaptcha_response\" value=\"\" \/>\n<\/fieldset>\n<div class=\"row\">\n\t<div class=\"col-sm-6\">\n\t\t<div class=\"mb-3\">\n\t\t\t<p><span class=\"wpcf7-form-control-wrap\" data-name=\"your-name\"><input size=\"40\" maxlength=\"400\" class=\"wpcf7-form-control wpcf7-text wpcf7-validates-as-required form-control\" aria-required=\"true\" aria-invalid=\"false\" placeholder=\"Nom (*)\" value=\"\" type=\"text\" name=\"your-name\" \/><\/span>\n\t\t\t<\/p>\n\t\t<\/div>\n\t\t<div class=\"mb-3\">\n\t\t\t<p><span class=\"wpcf7-form-control-wrap\" data-name=\"your-email\"><input size=\"40\" maxlength=\"400\" class=\"wpcf7-form-control wpcf7-email wpcf7-validates-as-required wpcf7-text wpcf7-validates-as-email form-control\" aria-required=\"true\" aria-invalid=\"false\" placeholder=\"Email (*)\" value=\"\" type=\"email\" name=\"your-email\" \/><\/span>\n\t\t\t<\/p>\n\t\t<\/div>\n\t\t<div class=\"mb-3\">\n\t\t\t<p><span class=\"wpcf7-form-control-wrap\" data-name=\"your-subject\"><input size=\"40\" maxlength=\"400\" class=\"wpcf7-form-control wpcf7-text wpcf7-validates-as-required form-control\" aria-required=\"true\" aria-invalid=\"false\" placeholder=\"Assumpte (*)\" value=\"\" type=\"text\" name=\"your-subject\" \/><\/span>\n\t\t\t<\/p>\n\t\t<\/div>\n\t<\/div>\n\t<div class=\"col-sm-6\">\n\t\t<div class=\"mb-3\">\n\t\t\t<p><span class=\"wpcf7-form-control-wrap\" data-name=\"your-message\"><textarea cols=\"40\" rows=\"6\" maxlength=\"2000\" class=\"wpcf7-form-control wpcf7-textarea form-control\" aria-invalid=\"false\" placeholder=\"Escriu aqu\u00ed el teu missatge...\" name=\"your-message\"><\/textarea><\/span>\n\t\t\t<\/p>\n\t\t<\/div>\n\t<\/div>\n<\/div>\n<p><span class=\"wpcf7-form-control-wrap\" data-name=\"rgpd\"><span class=\"wpcf7-form-control wpcf7-acceptance\"><span class=\"wpcf7-list-item\"><label><input type=\"checkbox\" name=\"rgpd\" value=\"1\" aria-invalid=\"false\" \/><span class=\"wpcf7-list-item-label\">En marcar aquesta casella <strong>consenteixo<\/strong> el tractament de les meves dades personals per resoldre els meus dubtes, consultes, queixes o suggeriments a trav\u00e9s dels mitjans oferts sobre aix\u00f2 per Carmila conforme s'indica en aquesta <strong><a href=\"https:\/\/www.micentrocomercial.es\/terrassa-valles\/cat\/politica-de-privacidad\/\" target=\"_blank\">pol\u00edtica de privacitat<\/a><\/strong><\/span><\/label><\/span><\/span><\/span>\n<\/p>\n<p><input class=\"wpcf7-form-control wpcf7-submit has-spinner btn btn-primary mb-3\" type=\"submit\" value=\"Enviar\" \/>\n<\/p><div class=\"wpcf7-response-output\" aria-hidden=\"true\"><\/div>\n<input type=\"hidden\" name=\"trp-form-language\" value=\"cat\"\/><\/form>\n<\/div>\n\n\n\t\t<\/div>\n\t<\/div>\n<\/div><\/div><\/div><\/div><div class=\"vc_row wpb_row vc_row-fluid\"><div class=\"wpb_column vc_column_container vc_col-sm-12\"><div class=\"vc_column-inner\"><div class=\"wpb_wrapper\">\n\t<div class=\"wpb_text_column wpb_content_element\" >\n\t\t<div class=\"wpb_wrapper\">\n\t\t\t<p><\/p>\n\n\t\t<\/div>\n\t<\/div>\n<\/div><\/div><\/div><\/div><div class=\"vc_row wpb_row vc_row-fluid\"><div class=\"wpb_column vc_column_container vc_col-sm-12\"><div class=\"vc_column-inner\"><div class=\"wpb_wrapper\">\n\t<div class=\"wpb_text_column wpb_content_element\" >\n\t\t<div class=\"wpb_wrapper\">\n\t\t\t<div style=\"font-size: 0.9rem;\">\n<p><strong>Informaci\u00f3 b\u00e0sica sobre protecci\u00f3 de dades:<\/strong><\/p>\n<ul>\n<li><strong>Responsable: <\/strong>Responsable Carmila Espa\u00f1a, S.L.U., (\u00abCarmila\u00bb) amb direcci\u00f3 a Avda. de la Transici\u00f3n Espa\u00f1ola, 34 Edificio B \u2013 Planta 4\u00aa (Parque Empresarial Omega) \u2013 28108 Alcobendas (Madrid) i C.I.F. B-86772837<\/li>\n<li><strong>Categoria de dades: <\/strong>Dades de contacte i de car\u00e0cter identificatiu i altres dades que ens proporcioneu.<\/li>\n<li><strong>Finalitat: <\/strong>Gesti\u00f3 de dubtes, suggeriments, consultes i opinions.<\/li>\n<li><strong>Legitimaci\u00f3: <\/strong>El consentiment \u00e9s la base legitimadora per al tractament de les vostres dades personals per tal de resoldre qualsevol dubte, suggeriment o informaci\u00f3 addicional que tingu\u00e9s en relaci\u00f3 amb la nostra activitat.<\/li>\n<li><strong>Destinataris (i transfer\u00e8ncies internacionals): <\/strong>No cedim les dades que ens facilita amb cap tercer ni s\u00f3n objecte de cap transfer\u00e8ncia internacional.<\/li>\n<li><strong>Drets: <\/strong>Poden exercitar els seus drets d'acc\u00e9s, rectificaci\u00f3, supressi\u00f3, portabilitat i limitaci\u00f3 del tractament davant del responsable del tractament. Aix\u00ed mateix, podr\u00e0 revocar el seu consentiment en qualsevol moment mitjan\u00e7ant comunicaci\u00f3 adre\u00e7ant-se a l'apartat de correus 1002, CP 28108, Alcobendas (Madrid) i mitjan\u00e7ant correu electr\u00f2nic a la seg\u00fcent adre\u00e7a: derechosprotecciondedatos@carrefour.com<\/li>\n<li><strong>Proced\u00e8ncia: <\/strong>Nom\u00e9s tractem les dades personals que vost\u00e8 ens faciliti.<\/li>\n<li><strong>Informaci\u00f3 addicional: <\/strong>Podeu trobar m\u00e9s informaci\u00f3 a l'enlla\u00e7: <a href=\"https:\/\/www.micentrocomercial.es\/terrassa-valles\/cat\/politica-de-privacidad\/\" target=\"_blank\" rel=\"noopener\">pol\u00edtica de privacitat<\/a>.<\/li>\n<\/ul>\n<\/div>\n\n\t\t<\/div>\n\t<\/div>\n<\/div><\/div><\/div><\/div>\n<\/div>","protected":false},"excerpt":{"rendered":"CONTACTOes_comunicacion@carmila.com 916 635 544 CONTACTO Env\u00edanos tus sugerencias y peticiones Tu opini\u00f3n nos interesa mucho. Gracias a ella podemos ofrecerte un mejor servicio para que este centro comercial sea de tu completo agrado. Al marcar esta casilla consiento el tratamiento de mis datos personales para resolver mis dudas, consultas, quejas o sugerencias a trav\u00e9s de [...]","protected":false},"author":1,"featured_media":0,"parent":0,"menu_order":0,"comment_status":"closed","ping_status":"closed","template":"","meta":{"footnotes":""},"class_list":["post-12","page","type-page","status-publish","hentry"],"_links":{"self":[{"href":"https:\/\/www.micentrocomercial.es\/terrassa-valles\/cat\/wp-json\/wp\/v2\/pages\/12","targetHints":{"allow":["GET"]}}],"collection":[{"href":"https:\/\/www.micentrocomercial.es\/terrassa-valles\/cat\/wp-json\/wp\/v2\/pages"}],"about":[{"href":"https:\/\/www.micentrocomercial.es\/terrassa-valles\/cat\/wp-json\/wp\/v2\/types\/page"}],"author":[{"embeddable":true,"href":"https:\/\/www.micentrocomercial.es\/terrassa-valles\/cat\/wp-json\/wp\/v2\/users\/1"}],"replies":[{"embeddable":true,"href":"https:\/\/www.micentrocomercial.es\/terrassa-valles\/cat\/wp-json\/wp\/v2\/comments?post=12"}],"version-history":[{"count":4,"href":"https:\/\/www.micentrocomercial.es\/terrassa-valles\/cat\/wp-json\/wp\/v2\/pages\/12\/revisions"}],"predecessor-version":[{"id":346,"href":"https:\/\/www.micentrocomercial.es\/terrassa-valles\/cat\/wp-json\/wp\/v2\/pages\/12\/revisions\/346"}],"wp:attachment":[{"href":"https:\/\/www.micentrocomercial.es\/terrassa-valles\/cat\/wp-json\/wp\/v2\/media?parent=12"}],"curies":[{"name":"wp","href":"https:\/\/api.w.org\/{rel}","templated":true}]}}

<div class="wpb-content-wrapper"><div class="vc_row wpb_row vc_row-fluid"><div class="wpb_column vc_column_container vc_col-sm-4"><div class="vc_column-inner"><div class="wpb_wrapper">
	<div class="wpb_text_column wpb_content_element" >
		<div class="wpb_wrapper">
			<p>
<img decoding="async" class="aligncenter size-full" src="https://www.micentrocomercial.es/wp-content/themes/restyling/images/cabecera-contacto.png" alt="Contacto" /></p>

		</div>
	</div>

	<div class="wpb_raw_code wpb_raw_html wpb_content_element" >
		<div class="wpb_wrapper">
			<div style="padding:20px; border-radius:20px; background:linear-gradient(90deg, rgba(255,41,132,1) 0%, rgba(255,85,113,1) 25%, rgba(255,109,102,1) 65%, rgba(255,169,60,1) 100%); color:#fff"><h3>CONTACTE</h3><p style="font-size:1.2rem">es_comunicacion@carmila.com <br /> 916 635 544</p></div>
		</div>
	</div>
</div></div></div><div class="wpb_column vc_column_container vc_col-sm-8"><div class="vc_column-inner"><div class="wpb_wrapper">
	<div class="wpb_text_column wpb_content_element" >
		<div class="wpb_wrapper">
			<h1 class="entry-title">CONTACTE</h1>
<h3>Envia'ns els teus suggeriments i peticions</h3>
<p style="font-size: 1.2rem;">La teva opinió ens interessa molt. Gràcies a ella podem oferir-te un millor servei perquè aquest centre comercial sigui del teu gust complet.</p>

		</div>
	</div>

	<div class="wpb_text_column wpb_content_element" >
		<div class="wpb_wrapper">
			
<div class="wpcf7 no-js" id="wpcf7-f86-o1" lang="es-ES" dir="ltr" data-wpcf7-id="86">
<div class="screen-reader-response"><p role="status" aria-live="polite" aria-atomic="true"></p> <ul></ul></div>
<form action="/terrassa-valles/cat/wp-json/wp/v2/pages/12#wpcf7-f86-o1" method="post" class="wpcf7-form init" aria-label="Formulario de contacto" novalidate="novalidate" data-status="init" data-trp-original-action="/terrassa-valles/cat/wp-json/wp/v2/pages/12#wpcf7-f86-o1">
<fieldset class="hidden-fields-container"><input type="hidden" name="_wpcf7" value="86" /><input type="hidden" name="_wpcf7_version" value="6.1.5" /><input type="hidden" name="_wpcf7_locale" value="es_ES" /><input type="hidden" name="_wpcf7_unit_tag" value="wpcf7-f86-o1" /><input type="hidden" name="_wpcf7_container_post" value="0" /><input type="hidden" name="_wpcf7_posted_data_hash" value="" /><input type="hidden" name="_wpcf7_recaptcha_response" value="" />
</fieldset>
<div class="row">
	<div class="col-sm-6">
		<div class="mb-3">
			<p><span class="wpcf7-form-control-wrap" data-name="your-name"><input size="40" maxlength="400" class="wpcf7-form-control wpcf7-text wpcf7-validates-as-required form-control" aria-required="true" aria-invalid="false" placeholder="Nom (*)" value="" type="text" name="your-name" /></span>
			</p>
		</div>
		<div class="mb-3">
			<p><span class="wpcf7-form-control-wrap" data-name="your-email"><input size="40" maxlength="400" class="wpcf7-form-control wpcf7-email wpcf7-validates-as-required wpcf7-text wpcf7-validates-as-email form-control" aria-required="true" aria-invalid="false" placeholder="Email (*)" value="" type="email" name="your-email" /></span>
			</p>
		</div>
		<div class="mb-3">
			<p><span class="wpcf7-form-control-wrap" data-name="your-subject"><input size="40" maxlength="400" class="wpcf7-form-control wpcf7-text wpcf7-validates-as-required form-control" aria-required="true" aria-invalid="false" placeholder="Assumpte (*)" value="" type="text" name="your-subject" /></span>
			</p>
		</div>
	</div>
	<div class="col-sm-6">
		<div class="mb-3">
			<p><span class="wpcf7-form-control-wrap" data-name="your-message"><textarea cols="40" rows="6" maxlength="2000" class="wpcf7-form-control wpcf7-textarea form-control" aria-invalid="false" placeholder="Escriu aquí el teu missatge..." name="your-message"></textarea></span>
			</p>
		</div>
	</div>
</div>
<p><span class="wpcf7-form-control-wrap" data-name="rgpd"><span class="wpcf7-form-control wpcf7-acceptance"><span class="wpcf7-list-item"><label><input type="checkbox" name="rgpd" value="1" aria-invalid="false" /><span class="wpcf7-list-item-label">En marcar aquesta casella <strong>consenteixo</strong> el tractament de les meves dades personals per resoldre els meus dubtes, consultes, queixes o suggeriments a través dels mitjans oferts sobre això per Carmila conforme s'indica en aquesta <strong><a href="https://www.micentrocomercial.es/terrassa-valles/cat/politica-de-privacidad/" target="_blank">política de privacitat</a></strong></span></label></span></span></span>
</p>
<p><input class="wpcf7-form-control wpcf7-submit has-spinner btn btn-primary mb-3" type="submit" value="Enviar" />
</p><div class="wpcf7-response-output" aria-hidden="true"></div>
<input type="hidden" name="trp-form-language" value="cat"/></form>
</div>


		</div>
	</div>
</div></div></div></div><div class="vc_row wpb_row vc_row-fluid"><div class="wpb_column vc_column_container vc_col-sm-12"><div class="vc_column-inner"><div class="wpb_wrapper">
	<div class="wpb_text_column wpb_content_element" >
		<div class="wpb_wrapper">
			<p></p>

		</div>
	</div>
</div></div></div></div><div class="vc_row wpb_row vc_row-fluid"><div class="wpb_column vc_column_container vc_col-sm-12"><div class="vc_column-inner"><div class="wpb_wrapper">
	<div class="wpb_text_column wpb_content_element" >
		<div class="wpb_wrapper">
			<div style="font-size: 0.9rem;">
<p><strong>Informació bàsica sobre protecció de dades:</strong></p>
<ul>
<li><strong>Responsable: </strong>Responsable Carmila España, S.L.U., («Carmila») amb direcció a Avda. de la Transición Española, 34 Edificio B – Planta 4ª (Parque Empresarial Omega) – 28108 Alcobendas (Madrid) i C.I.F. B-86772837</li>
<li><strong>Categoria de dades: </strong>Dades de contacte i de caràcter identificatiu i altres dades que ens proporcioneu.</li>
<li><strong>Finalitat: </strong>Gestió de dubtes, suggeriments, consultes i opinions.</li>
<li><strong>Legitimació: </strong>El consentiment és la base legitimadora per al tractament de les vostres dades personals per tal de resoldre qualsevol dubte, suggeriment o informació addicional que tingués en relació amb la nostra activitat.</li>
<li><strong>Destinataris (i transferències internacionals): </strong>No cedim les dades que ens facilita amb cap tercer ni són objecte de cap transferència internacional.</li>
<li><strong>Drets: </strong>Poden exercitar els seus drets d'accés, rectificació, supressió, portabilitat i limitació del tractament davant del responsable del tractament. Així mateix, podrà revocar el seu consentiment en qualsevol moment mitjançant comunicació adreçant-se a l'apartat de correus 1002, CP 28108, Alcobendas (Madrid) i mitjançant correu electrònic a la següent adreça: derechosprotecciondedatos@carrefour.com</li>
<li><strong>Procedència: </strong>Només tractem les dades personals que vostè ens faciliti.</li>
<li><strong>Informació addicional: </strong>Podeu trobar més informació a l'enllaç: <a href="https://www.micentrocomercial.es/terrassa-valles/cat/politica-de-privacidad/" target="_blank" rel="noopener">política de privacitat</a>.</li>
</ul>
</div>

		</div>
	</div>
</div></div></div></div>
</div>

CONTACTOes_comunicacion@carmila.com 916 635 544 CONTACTO Envíanos tus sugerencias y peticiones Tu opinión nos interesa mucho. Gracias a ella podemos ofrecerte un mejor servicio para que este centro comercial sea de tu completo agrado. Al marcar esta casilla consiento el tratamiento de mis datos personales para resolver mis dudas, consultas, quejas o sugerencias a través de [...]
