{"id":191,"date":"2022-11-16T17:22:26","date_gmt":"2022-11-16T17:22:26","guid":{"rendered":"https:\/\/www.micentrocomercial.es\/jerez-sur\/?page_id=191"},"modified":"2022-11-16T17:22:31","modified_gmt":"2022-11-16T17:22:31","slug":"cartelera","status":"publish","type":"page","link":"https:\/\/www.micentrocomercial.es\/jerez-sur\/cartelera\/","title":{"rendered":"Cartelera"},"content":{"rendered":"        <article class=\"archive-content listado-default\">\n                            <div class=\"post-item-wrapper\">\n                    <div class=\"post-item post-item-default\">\n                        <div class=\"post-item-image\">\n                            <a href=\"https:\/\/www.micentrocomercial.es\/jerez-sur\/cartelera\/?pelicula=1000009982\">\n                                <img decoding=\"async\" src=\"https:\/\/es.web.img3.acsta.net\/img\/53\/01\/5301f68eb3a49c8c255e81a2f83f3002.jpg\" alt=\"cartel\" \/>\n                            <\/a>\n                        <\/div>\n                        <div class=\"post-item-content\">\n                            <h5><a href=\"https:\/\/www.micentrocomercial.es\/jerez-sur\/cartelera\/?pelicula=1000009982\">Incontrolable (I Swear)<\/a><\/h5>\n                        <\/div>\n                    <\/div>\n                <\/div>\n                            <div class=\"post-item-wrapper\">\n                    <div class=\"post-item post-item-default\">\n                        <div class=\"post-item-image\">\n                            <a href=\"https:\/\/www.micentrocomercial.es\/jerez-sur\/cartelera\/?pelicula=315376\">\n                                <img decoding=\"async\" src=\"https:\/\/es.web.img3.acsta.net\/img\/99\/a8\/99a8161e4c1b03da7f5c62f30bf217a2.jpg\" alt=\"cartel\" \/>\n                            <\/a>\n                        <\/div>\n                        <div class=\"post-item-content\">\n                            <h5><a href=\"https:\/\/www.micentrocomercial.es\/jerez-sur\/cartelera\/?pelicula=315376\">No te olvidar\u00e9<\/a><\/h5>\n                        <\/div>\n                    <\/div>\n                <\/div>\n                            <div class=\"post-item-wrapper\">\n                    <div class=\"post-item post-item-default\">\n                        <div class=\"post-item-image\">\n                            <a href=\"https:\/\/www.micentrocomercial.es\/jerez-sur\/cartelera\/?pelicula=1000030817\">\n                                <img decoding=\"async\" src=\"https:\/\/es.web.img3.acsta.net\/img\/bb\/42\/bb423563f24f582ebedcb72adca73ba0.png\" alt=\"cartel\" \/>\n                            <\/a>\n                        <\/div>\n                        <div class=\"post-item-content\">\n                            <h5><a href=\"https:\/\/www.micentrocomercial.es\/jerez-sur\/cartelera\/?pelicula=1000030817\">Boulevard<\/a><\/h5>\n                        <\/div>\n                    <\/div>\n                <\/div>\n                            <div class=\"post-item-wrapper\">\n                    <div class=\"post-item post-item-default\">\n                        <div class=\"post-item-image\">\n                            <a href=\"https:\/\/www.micentrocomercial.es\/jerez-sur\/cartelera\/?pelicula=1000028176\">\n                                <img decoding=\"async\" src=\"https:\/\/es.web.img3.acsta.net\/img\/3b\/be\/3bbe708c1e4db0f5fd23dc50ea41223f.jpg\" alt=\"cartel\" \/>\n                            <\/a>\n                        <\/div>\n                        <div class=\"post-item-content\">\n                            <h5><a href=\"https:\/\/www.micentrocomercial.es\/jerez-sur\/cartelera\/?pelicula=1000028176\">Kill Bill: The Whole Bloody Affair<\/a><\/h5>\n                        <\/div>\n                    <\/div>\n                <\/div>\n                            <div class=\"post-item-wrapper\">\n                    <div class=\"post-item post-item-default\">\n                        <div class=\"post-item-image\">\n                            <a href=\"https:\/\/www.micentrocomercial.es\/jerez-sur\/cartelera\/?pelicula=326953\">\n                                <img decoding=\"async\" src=\"https:\/\/es.web.img3.acsta.net\/img\/b8\/03\/b80395e44d34ff587dbd85014354755f.jpg\" alt=\"cartel\" \/>\n                            <\/a>\n                        <\/div>\n                        <div class=\"post-item-content\">\n                            <h5><a href=\"https:\/\/www.micentrocomercial.es\/jerez-sur\/cartelera\/?pelicula=326953\">Buena suerte, p\u00e1salo bien, no mueras<\/a><\/h5>\n                        <\/div>\n                    <\/div>\n                <\/div>\n                            <div class=\"post-item-wrapper\">\n                    <div class=\"post-item post-item-default\">\n                        <div class=\"post-item-image\">\n                            <a href=\"https:\/\/www.micentrocomercial.es\/jerez-sur\/cartelera\/?pelicula=327878\">\n                                <img decoding=\"async\" src=\"https:\/\/es.web.img3.acsta.net\/img\/66\/a2\/66a2e1cd3bdf8978aefac262f3d5a0cb.png\" alt=\"cartel\" \/>\n                            <\/a>\n                        <\/div>\n                        <div class=\"post-item-content\">\n                            <h5><a href=\"https:\/\/www.micentrocomercial.es\/jerez-sur\/cartelera\/?pelicula=327878\">Super Mario Galaxy: La pel\u00edcula<\/a><\/h5>\n                        <\/div>\n                    <\/div>\n                <\/div>\n                            <div class=\"post-item-wrapper\">\n                    <div class=\"post-item post-item-default\">\n                        <div class=\"post-item-image\">\n                            <a href=\"https:\/\/www.micentrocomercial.es\/jerez-sur\/cartelera\/?pelicula=282076\">\n                                <img decoding=\"async\" src=\"https:\/\/es.web.img3.acsta.net\/img\/46\/3a\/463a0d3860e79b345ecb71c56ae28bfa.jpg\" alt=\"cartel\" \/>\n                            <\/a>\n                        <\/div>\n                        <div class=\"post-item-content\">\n                            <h5><a href=\"https:\/\/www.micentrocomercial.es\/jerez-sur\/cartelera\/?pelicula=282076\">Proyecto Salvaci\u00f3n<\/a><\/h5>\n                        <\/div>\n                    <\/div>\n                <\/div>\n                            <div class=\"post-item-wrapper\">\n                    <div class=\"post-item post-item-default\">\n                        <div class=\"post-item-image\">\n                            <a href=\"https:\/\/www.micentrocomercial.es\/jerez-sur\/cartelera\/?pelicula=1000020088\">\n                                <img decoding=\"async\" src=\"https:\/\/es.web.img3.acsta.net\/img\/1d\/be\/1dbe80c648dd154fcaa6704381f5b02a.jpg\" alt=\"cartel\" \/>\n                            <\/a>\n                        <\/div>\n                        <div class=\"post-item-content\">\n                            <h5><a href=\"https:\/\/www.micentrocomercial.es\/jerez-sur\/cartelera\/?pelicula=1000020088\">Calle M\u00e1laga<\/a><\/h5>\n                        <\/div>\n                    <\/div>\n                <\/div>\n                            <div class=\"post-item-wrapper\">\n                    <div class=\"post-item post-item-default\">\n                        <div class=\"post-item-image\">\n                            <a href=\"https:\/\/www.micentrocomercial.es\/jerez-sur\/cartelera\/?pelicula=324865\">\n                                <img decoding=\"async\" src=\"https:\/\/es.web.img2.acsta.net\/img\/ce\/63\/ce63bc4bd27995d49be93a2891504e53.png\" alt=\"cartel\" \/>\n                            <\/a>\n                        <\/div>\n                        <div class=\"post-item-content\">\n                            <h5><a href=\"https:\/\/www.micentrocomercial.es\/jerez-sur\/cartelera\/?pelicula=324865\">Torrente presidente<\/a><\/h5>\n                        <\/div>\n                    <\/div>\n                <\/div>\n                            <div class=\"post-item-wrapper\">\n                    <div class=\"post-item post-item-default\">\n                        <div class=\"post-item-image\">\n                            <a href=\"https:\/\/www.micentrocomercial.es\/jerez-sur\/cartelera\/?pelicula=1000016512\">\n                                <img decoding=\"async\" src=\"https:\/\/es.web.img3.acsta.net\/img\/14\/4c\/144ca162a96e9c61febf52f14b5e4c99.jpg\" alt=\"cartel\" \/>\n                            <\/a>\n                        <\/div>\n                        <div class=\"post-item-content\">\n                            <h5><a href=\"https:\/\/www.micentrocomercial.es\/jerez-sur\/cartelera\/?pelicula=1000016512\">La Grazia<\/a><\/h5>\n                        <\/div>\n                    <\/div>\n                <\/div>\n                            <div class=\"post-item-wrapper\">\n                    <div class=\"post-item post-item-default\">\n                        <div class=\"post-item-image\">\n                            <a href=\"https:\/\/www.micentrocomercial.es\/jerez-sur\/cartelera\/?pelicula=1000001305\">\n                                <img decoding=\"async\" src=\"https:\/\/es.web.img3.acsta.net\/img\/52\/d8\/52d837b536ce21d6ba5b514375b1e77e.jpg\" alt=\"cartel\" \/>\n                            <\/a>\n                        <\/div>\n                        <div class=\"post-item-content\">\n                            <h5><a href=\"https:\/\/www.micentrocomercial.es\/jerez-sur\/cartelera\/?pelicula=1000001305\">Noche de bodas 2<\/a><\/h5>\n                        <\/div>\n                    <\/div>\n                <\/div>\n                    <\/article>\n        \n","protected":false},"excerpt":{"rendered":"Incontrolable (I Swear) No te olvidar\u00e9 Boulevard Kill Bill: The Whole Bloody Affair Buena suerte, p\u00e1salo bien, no mueras Super Mario Galaxy: La pel\u00edcula Proyecto Salvaci\u00f3n Calle M\u00e1laga Torrente presidente La Grazia Noche de bodas 2","protected":false},"author":1,"featured_media":0,"parent":0,"menu_order":0,"comment_status":"closed","ping_status":"closed","template":"","meta":{"footnotes":""},"class_list":["post-191","page","type-page","status-publish","hentry"],"_links":{"self":[{"href":"https:\/\/www.micentrocomercial.es\/jerez-sur\/wp-json\/wp\/v2\/pages\/191","targetHints":{"allow":["GET"]}}],"collection":[{"href":"https:\/\/www.micentrocomercial.es\/jerez-sur\/wp-json\/wp\/v2\/pages"}],"about":[{"href":"https:\/\/www.micentrocomercial.es\/jerez-sur\/wp-json\/wp\/v2\/types\/page"}],"author":[{"embeddable":true,"href":"https:\/\/www.micentrocomercial.es\/jerez-sur\/wp-json\/wp\/v2\/users\/1"}],"replies":[{"embeddable":true,"href":"https:\/\/www.micentrocomercial.es\/jerez-sur\/wp-json\/wp\/v2\/comments?post=191"}],"version-history":[{"count":2,"href":"https:\/\/www.micentrocomercial.es\/jerez-sur\/wp-json\/wp\/v2\/pages\/191\/revisions"}],"predecessor-version":[{"id":193,"href":"https:\/\/www.micentrocomercial.es\/jerez-sur\/wp-json\/wp\/v2\/pages\/191\/revisions\/193"}],"wp:attachment":[{"href":"https:\/\/www.micentrocomercial.es\/jerez-sur\/wp-json\/wp\/v2\/media?parent=191"}],"curies":[{"name":"wp","href":"https:\/\/api.w.org\/{rel}","templated":true}]}}